 -3*j(a) + k(a). Determine d(-21).
10
Let d be 8/(-2 - -3 - 2). Let a = 2 + d. Let t(j) = -7 - j + 0*j + 2*j + 16. Determine t(a).
3
Suppose 0 = -2*g + 21*p - 16*p, 0 = -3*g - 4*p. Let s(i) be the second derivative of -i**5/20 + i**4/12 + i**3/6 - 3*i**2 + i. Calculate s(g).
-6
Let k = -3252 + 3250. Let v(t) = 12*t - 2. Determine v(k).
-26
Let s(h) = h**2 - 4*h. Let k(b) = -b**3 + 5*b**2 - 7*b + 5. Let t be k(5). Let a = t + 54. Suppose -c - 4*p = -a, -8 = 3*c + 4*p - 40. What is s(c)?
0
Let b(t) = t**3 + t**2 - t - 31. Suppose -3*c + 2*m - 15 = -13, 3 = 3*m. What is b(c)?
-31
Suppose -4*j + 43 - 7 = 4*c, 5*j - 4*c = 0. Let u(f) = -f**3 + j*f + 0*f**3 - 4*f**2 + 1 - 3 - 6*f. Give u(-4).
6
Let d = 25 + -13. Suppose 2*g = -5*m + d, 4 - 1 = 3*m - 3*g. Let j(o) = 0*o**m - 5*o - 3*o**2 + 2*o**2 + o + 7. Give j(-5).
2
Let v(g) = -7 - 6*g**2 - 16*g**3 + 5*g**2 + 17*g**3. Let z(k) = k - 1. Suppose -4*m + m = -3. Let x be z(m). Give v(x).
-7
Suppose 70*x - 30*x - 440 = 0. Let z(b) = -b**2 + 12*b - 15. Determine z(x).
-4
Let u(n) = -17*n. Let x be (-9)/2 - 7/((-42)/(-9)). Let a be 4/(-16) + x/8. What is u(a)?
17
Let n(v) = -v**2 + 17*v + 41. Let g = -1178 - -1197. What is n(g)?
3
Let j = 19 + -17. Let i(h) = -h - 10*h**j + 6*h**2 + 3*h**2 - 2. Suppose 0 = 4*p + 3*a + 9 + 6, 4*p + a + 13 = 0. Give i(p).
-8
Let o(f) = -11*f - 6 - 300*f**2 + 296*f**2 + f**3 + 19*f. What is o(3)?
9
Let l be 33/55 + 92/5. Let w = -13 + l. Let f(c) = -2*c**2 + 10*c**2 + 4 - w*c**2 - 3*c**2. What is f(-4)?
-12
Let y(b) = -2*b**2 - 13*b + 2. Let o be (-2 - 100/(-15))/(10/(-15)). Calculate y(o).
-5
Let b(v) = -v**2 + 6*v - 3. Let u be b(4). Let f(i) = -8*i + 6*i**2 + 4 - 20*i**3 + 4*i + 40*i**3 - 21*i**3 - 4*i. What is f(u)?
-11
Let i(q) = 2 + 0*q - 1 - q. Let n(y) = 2*y**2 - 8*y - 48. Let s be n(7). What is i(s)?
7
Let b(f) = f**3 - 4*f**2 - 9*f + 8. Let x = 30 + -24. Let w be b(x). Let g = -19 + w. Let s(o) = -o**2 + 9*o - 2. What is s(g)?
12
Let a(g) = -1. Let c(j) = j**3 + 5*j**2 - 9. Suppose -5*z - 3*s = 2 - 10, -2 = z - 3*s. Let v(l) = z*c(l) - 3*a(l). Give v(-5).
-6
Let w(u) = -6*u**3 + 0 + 3*u + 6 - 9*u**2 + 6*u + 7*u**3. Determine w(8).
14
Let z(g) = -61*g**2 + g + 60*g**2 + 3 + 0*g. Give z(-3).
-9
Let n(t) be the second derivative of t**8/960 + t**4/12 - 4*t. Let r(p) be the third derivative of n(p). Let a be (-98)/56 - 3/(-4). Give r(a).
-7
Suppose -6*v - 4*b + 12 = -v, 0 = 5*v - b - 22. Suppose v = 3*g - 4*g. Let h(r) be the first derivative of r**2 - 5*r + 2. What is h(g)?
-13
Let i(o) = o**3 + 9*o**2 - 23*o - 11. Let d be i(-11). Suppose -2*t + 4*r - 17 + 1 = 0, d = t - r + 6. Let f(k) = -k**2 - 4*k - 4. Give f(t).
-4
Let k(i) be the second derivative of 0 + 1/6*i**3 + 6*i + 7*i**2. What is k(0)?
14
Let g(x) = x**2 - x. Let h = -37 + 59. Let i(n) = 13*n**2 - 11*n. Let m(p) = h*g(p) - 2*i(p). Suppose -5*f - 13 = -3*d, 14*f - 11*f = 2*d - 8. What is m(f)?
-16
Let p(y) = -y**2 - y - 1. Let o be p(-1). Suppose 119*q - 115*q + 12 = 0. Let i be o/(q/(-6)) - 3. Let h(w) = w + 1. Give h(i).
-4
Let n(k) = k**2 + k - 8. Let h be n(5). Let f = 28 - h. Let d(l) = -4 + 4 + l - 8 - l**2 - f*l. What is d(-6)?
-14
Let x(f) be the third derivative of 0 - 1/3*f**3 + 4*f**2 - 1/12*f**4 + 0*f**5 + 1/120*f**6 + 0*f. Suppose 20*j + 4 = 18*j. Give x(j).
-6
Let t(s) = -s**3 - s**2 + s - 3. Let k be t(-3). Let i(x) = 5*x - x - 3*x - k. Let w be i(9). Let b(c) = -c**3 - 2*c**2 + 2*c - 1. Calculate b(w).
2
Let t = -26 + 25. Let w be 1*(-4 + 3)*t. Let f(s) be the first derivative of -s**3 + s**2/2 - s - 2. What is f(w)?
-3
Let b = 969 - 965. Let i(o) be the third derivative of 0*o + 1/2*o**3 + 0 - 1/24*o**b - 4*o**2. Calculate i(6).
-3
Suppose d = -5*t, 3*t = -d + 4*d - 18. Let w(a) be the first derivative of 17*a**4/4 - a**3/3 - a**2/2 - a + 1. Determine w(t).
-18
Let w(q) = 4*q**2 + 25*q + 10. Let b be w(-7). Let n(h) = 26 - 5*h - b + 5*h**2 - h**3 + h**2 + 0*h**3. What is n(5)?
-5
Let m(t) = t - 2. Let s be m(2). Let d be (s - (-2 - -1))*-1. Let g(z) = -9*z - 2*z**2 + 1 + 9*z. Calculate g(d).
-1
Let l(s) be the first derivative of -s**4/12 + s**3/6 - 6*s**2 - 10. Let q(o) be the second derivative of l(o). Give q(-2).
5
Let p(c) = 1 + 2*c**2 + 3*c + 6*c**2 - c. Let k be (-2)/(-4) + (-6)/12. Suppose k = 2*h - h + 1. Determine p(h).
7
Suppose 18*w - 6 - 7 = 5. Let x(q) = -4*q**2 - q**2 - 3*q**2. Give x(w).
-8
Let t(o) = -o**3 - 15*o**2 + o + 18. Let r be t(-15). Let v(g) = -6*g**2 + 3*g + 4. Give v(r).
-41
Suppose -3 = 6*w - 5*w. Let s be 6/(-21) - 8/(-28). Let r(y) = s*y - 2*y - 2*y**3 + 2*y**2 + 3*y**3 + 3. Calculate r(w).
0
Let d(b) = 4 + 10*b - 6*b - 9*b - 4*b. Calculate d(3).
-23
Let t(s) = -s**3 + 21*s**2 - s + 19. Let r(n) = 28*n - 427. Let z be r(16). Determine t(z).
-2
Let x(o) = o + 16. Let d be x(-14). Suppose 0 = d*u + 16*u - 54. Let m(j) = -2*j. Give m(u).
-6
Suppose 0 = 5*x + f + 4, 3*x = -0*x - 2*f - 8. Let t(h) = -h + 15. Give t(x).
15
Let u(d) = -110*d**2 + 46*d**2 + 22 - 70 + 63*d**2 + 12*d. Calculate u(7).
-13
Suppose 0 = -3*a + 3*f - 3, a + 2*a + f + 15 = 0. Let l(c) = 8*c + 12. Let n(v) = -23*v - 33. Let q(o) = -8*l(o) - 3*n(o). Calculate q(a).
-17
Suppose 3*d - 4*d + 7 = g, -3*d = 0. Suppose -2*t + g - 1 = 0. Let p(z) = z**3 - 2*z**2 - 3*z - 3. Determine p(t).
-3
Let l = 94 + -93. Suppose 0 = -3*d - l - 14. Let j(g) = -2*g + 5*g + 6 - 2*g. Calculate j(d).
1
Let f = -35 + 37. Let q(c) = -11*c - 4. What is q(f)?
-26
Let k(r) = -16*r - 126. Let n be k(-8). Let m be ((-6)/4 + 1)*0. Let l(q) = -q**2 + 0 - n*q + m + 4 - 5. Calculate l(-1).
0
Let g be 16/(-10)*(-5)/(-2). Let f be 3 + 4*g/(-16). Let z(y) = -y**2 + 4*y + 4. What is z(f)?
4
Let c be 3/(0 + 1/(-2)). Let f(v) = v**2 + 7*v - 5. What is f(c)?
-11
Suppose 20 = 2*w + 4*n, 12*w - 16*w + 4*n + 76 = 0. Let q(u) = -u**2 + 16*u - 1. Calculate q(w).
-1
Let u(q) = -5*q**2 + 17*q - 19. Let c(w) be the third derivative of w**5/30 - w**4/3 + 3*w**3/2 - 15*w**2. Let d(x) = -7*c(x) - 3*u(x). Give d(-6).
0
Let l(r) be the second derivative of r**5/20 + r**4/12 - r**3/6 - 5*r**2/2 - 485*r. Determine l(0).
-5
Let b(k) = -124*k**3 + 4*k + 250*k**3 - 4*k**2 - 2*k**2 + 7 - 127*k**3. Calculate b(-7).
28
Let q(f) = f**2 - 11*f + 18. Let v(h) = -2*h**2 + 16*h - 29. Let b(w) = -8*q(w) - 5*v(w). Give b(-6).
25
Let u(y) be the second derivative of y**3/3 - 9*y**2/2 + 5*y - 4. Calculate u(5).
1
Let v(a) = a**2 + 5*a - 4. Let o = -141 + 144. Calculate v(o).
20
Let h(v) = -10*v**2 - v - 3. Let n(p) = 10*p**2 + p + 5. Let k(s) = 3*h(s) + 2*n(s). What is k(2)?
-41
Let l(z) = 2*z - 3. Let v be ((-4)/(-10))/(2/30)*-6. Let t be ((-3)/(-9))/(0 + (-2)/v). Calculate l(t).
9
Let j = -4 - 3. Let x be -4 - -1 - (j + 8). Let i(z) = 2*z + 5. What is i(x)?
-3
Let r(f) = 9*f**3 + 21*f**2 - 43*f - 32. Let o(y) = 4*y**3 + 10*y**2 - 20*y - 16. Let u(p) = 7*o(p) - 3*r(p). What is u(-8)?
8
Let o be (-77)/4 + 4/16. Let p be (o - -13)*(1 + 0). Let l(f) = -f - 5. What is l(p)?
1
Let f(g) = g. Let n(u) = -3*u + 2. Let a(k) = 4*f(k) + n(k). Let w be ((-2)/8)/1 - (-450)/8. Let r = w + -51. Calculate a(r).
7
Suppose -v + 12 - 2 = -4*n, -2*n = -2*v + 14. Let w(q) = -2*q**2 + 4*q - 1. Determine w(v).
-49
Let k(h) = 2*h + 3. Let d be ((-4)/10)/((-21)/420). Let r(j) = -6*j - 9. Let t(a) = d*k(a) + 3*r(a). Calculate t(-3).
3
Let s(j) = j**3 - 4*j**2 + 3*j. Suppose -18*n = -15*n - 6. Suppose 18*m - n = 17*m. What is s(m)?
-2
Let n(y) = y + 8. Suppose -16 = v + v - 2*p, 0 = -v - 5*p + 10. Let x be n(v). Let q(f) be the second derivative of f**4/12 - f**3/3 + f**2 + 5*f. What is q(x)?
5
Let k(j) = -j + 2. Let y = -47 - -104. Let i be 3/15 + y/15. Give k(i).
-2
Suppose -2*j + 0*j = b - 5, -j + 1 = b. Let s(m) = 6*m**2 - 3 + 3 + j + m + m**3. What is s(-6)?
-2
Suppose 13 - 1 = -2*l. Let c(m) be the first derivative of -m**2/2 - m - 54. Determine c(l).
5
Let y(m) = -m**2 + 7*m - 12. Let q be (1 - (0 + 0)) + 320/80. Calculate y(q).
-2
Let r(s) = s + 5. Let m(i) = -2*i**2 - 32*i + 33*i + i**2. Let t be m(3). Give r(t).
-1
Let a be ((-4)/5)/(16/(-40)). Let f(u) = -3*u**3 + 2*u**a - 1 + u + 5*u**3 + 3. Determine f(-2).
-8
Suppose 10 = 2*w + 4. Suppose w*f - f - 8 = 0. Let d(u) = -f*u + 4*u + u. Determine d(3).
3
Let p(a) = -a**3 - 3*a**2 - 3*a - 7. Let i be p(-3). Let t(x) = 3*x + 7